uppose 5*n - 3*h - h + 1 = 0, 8 = 2*h. Suppose 0 = t - n*g + 9, -5*g + 9 = 3*t - 20. Give l(t).
-13
Let x(w) = w**3 + 6*w**2 - 7*w - 3. Let q be x(-7). Let s(n) = 6*n + 5. Let j(d) = -7*d - 5. Let z(l) = q*s(l) - 2*j(l). Calculate z(-4).
11
Let x = -122 + 126. Let i(a) = 2*a**2 - 3*a - 4. Calculate i(x).
16
Suppose 5*z = -f + 28, 2*f - 3*z - z + 14 = 0. Let d(g) = g**3 - 2*g**2 - 2. Give d(f).
7
Suppose -r = 3*w + 20, r + 2*w + 15 + 0 = 0. Let s(z) = -6*z**3 + z**2 - z + 11. Let q(x) = x**3 - 1. Let v(f) = r*q(f) - s(f). Give v(0).
-6
Let l(r) = -2*r. Let z(t) = -6*t + 8. Let u(b) = -4*l(b) + z(b). What is u(-6)?
-4
Let x(a) = a**3 - a**2 - a - 4. Let j(v) = v**2 + 7*v - 8. Let y be j(-7). Let q be (y - -8)/((-3)/(-1)). Determine x(q).
-4
Let i be 2/(-6) - (-28)/(-6). Let m = 2 + 0. Let j(t) = -t + m + 3 - 2. Calculate j(i).
8
Let l be 30/4*(-12)/(-9). Suppose 3*j = -2*d + 13, 0 = d - 6*d + l. Let n(w) = 3*w**2 - 3 + j*w + w**2 - 5*w**2. Give n(2).
-1
Let j(g) = 2*g - 4. Suppose z - 4*m + 1 = 16, -m = -4*z. Let p be (1 - -5)*z/2. What is j(p)?
-10
Suppose -5*h - 5*w = -50, 3*h - 8 = -5*w + 24. Let a = -8 + h. Let g(f) = -9*f**2 + f. What is g(a)?
-8
Let f = 4 - 2. Let x(l) = 1 + f + 1 - 1 + 6*l - l**2. What is x(5)?
8
Let w(a) = -a**3 - 7*a**2 - 5*a + 7. Let t be 192/(-30) - (-1)/10*4. What is w(t)?
1
Let i(m) = -7*m - 12 + 15 - 4. Suppose 0 = 4*s + 5*h - 9, 6*s + 3*h = s + 8. Determine i(s).
-8
Suppose 13 = 5*g + 2*p, 5*g + 6*p - p - 10 = 0. Suppose g*j = -2*j - 35. Let k = j + 10. Let z(y) = -y**2 + y + 1. Give z(k).
-5
Let k(h) = -h**3 - 5*h**2 - h + 1. Let s be k(-5). Let g(v) = -9*v - 417*v**2 - v**3 + 424*v**2 + v. Give g(s).
-12
Let r(i) be the first derivative of 1/2*i**2 + 8*i + 3. What is r(0)?
8
Let n = 21 + -19. Suppose 6*q = n*q - 24. Let g(y) = 2*y - 2. Calculate g(q).
-14
Suppose -a + 2 - 7 = 0. Let b(f) = 4*f + 4. Calculate b(a).
-16
Let d = 0 + 5. Let g(w) be the second derivative of -w**5/20 + w**4/2 - w**3/3 - 2*w**2 + 6*w. Give g(d).
11
Let c = 6 + -5. Let p(t) = -2*t**3 + 2*t**2 - t. Calculate p(c).
-1
Let a(n) = -n**2 - 11*n - 6. Let t(g) = -2*g**2 - 23*g - 13. Let x(u) = -13*a(u) + 6*t(u). Give x(-6).
6
Let g(v) = -v - 1. Let i = 4 - 15. Let f = i + 7. What is g(f)?
3
Let l(x) = -x**3 - 5*x**2 - 2*x - 4. Suppose -3*d - 18 = -6. Determine l(d).
-12
Let r(d) be the first derivative of -d**4/2 - d**3/3 - d**2/2 + d + 3. Let w be r(1). Let n(f) = -f**3 - f**2 + 3*f - 4. Give n(w).
5
Let n(p) = p**3 - 2*p**2 + 2*p + 1. Let u(x) be the third derivative of 0*x + 0 - 1/24*x**4 + x**2 + 0*x**3. Let q be u(-2). Give n(q).
5
Let s be 5 - -1*(-2)/2. Suppose 0 = 4*k - 4*z, 4*z = 3*z + s. Let l(q) = q. Let h(t) = t. Let j(x) = -6*h(x) + 5*l(x). Determine j(k).
-4
Let l(z) be the first derivative of 0*z**3 - 1/2*z**2 - z**4 + 0*z - 2. What is l(1)?
-5
Let v(u) = 7*u - 6. Let d(w) = -10*w + 9. Let h(i) = -5*d(i) - 7*v(i). What is h(3)?
0
Let p(z) = z + 11. Let d be p(-9). Suppose 0*b = 3*l - b - d, 2*l = -2*b + 12. Let c(y) = 4*y**2 - 3*y. Give c(l).
10
Let u(x) = -x**2 + 6*x - 5. Let y be u(3). Let p(z) = -z**2 + 6*z - 4. What is p(y)?
4
Let l(c) = -4*c. Let g(s) = -s**3 + 5*s**2 + 8*s - 6. Let q be g(6). Let d = 8 - q. Suppose d*f + 3*i = 7, 0 = 2*f - 4*f + i - 5. Calculate l(f).
4
Let l(b) = -b**3 + 4*b**2 + 5*b - 5. Let y be l(5). Let w(k) = -k**2 - 5*k - 6. Determine w(y).
-6
Let z(g) be the first derivative of -g**4/2 - 4*g**3/3 - 3*g**2/2 - 2*g + 1. Let h be 33/22 + (-7)/2. What is z(h)?
4
Let u(s) = 5*s**3 - 4*s**2 - 8*s - 4. Let t(i) = 6*i**3 - 5*i**2 - 10*i - 4. Let z(l) = 6*t(l) - 7*u(l). Suppose -w = -0*w - 3. Give z(w).
1
Let r be 1/2 - (-3)/2. Suppose -4*n + r = -3*n. Let v(c) be the first derivative of 2*c**2 + 1. What is v(n)?
8
Let t(o) = -10*o**2 - o + 1. Let l = 5 - 1. Suppose -l*c = c. Suppose -5*g + 4*z = 7, z = -c*g + 3*g. Give t(g).
-10
Let t = -10 - -15. Let f(w) = 2*w - 4. Calculate f(t).
6
Let w(v) = 2 - 5 + 0 - 5 - v. Suppose -2*t + 4*t - 6 = 0. Suppose q + 20 = -t*i, -i + 20 = -2*q - 3*q. Calculate w(q).
-3
Suppose -19 = s + 4*t, 0 = -4*s + 3*s + t + 6. Let h(r) = -2*r**2 + 2*r - 1. Give h(s).
-1
Let r(d) = 5*d + 2 - 4*d + d - 3*d. Suppose -2*g = -5*c + 6, -2*g - 3*c + 10 = -0*g. Determine r(g).
0
Suppose 0 = 3*n + 2*q + 11, -n + 7 = -4*n + 2*q. Let i(c) = -3*c - 4. Give i(n).
5
Let y(v) = v**3 - 2*v**2 + 3*v - 2. Suppose 6 = 4*p - 2, 6 = -f + 4*p. Determine y(f).
4
Let g(l) = l**2 - 1. Suppose 7 = 4*x - 1. Suppose 2 - 20 = -x*h. Let m be 14/(-8) + h/(-36). What is g(m)?
3
Let l = -7 - -10. Let f(u) be the first derivative of 2*u**3 - 2 + l*u**2 + 1/4*u**4 + 4*u. Determine f(-5).
-1
Let t(c) = -c**3 - 132 + 72 + 75. Calculate t(0).
15
Let v(u) be the third derivative of -u**5/20 - u**4/12 - u**3/3 - 3*u**2. Let z(t) = -t**2 + 2. Let r be z(-2). Calculate v(r).
-10
Suppose 3*g - 5 = -0*u - 2*u, -7 = -4*g - 3*u. Let v(b) = b**2 - 6*b. Let r be v(6). Let d(a) = -a**2 + r*a + 6*a**3 + 0*a. Determine d(g).
5
Suppose 0 = -0*n + 4*n - 2*y - 30, 0 = -3*y - 3. Let i(x) = -x + 11. What is i(n)?
4
Let b(v) = -19*v + 5. Let h(f) = 3*f - 1. Let n(d) = 6*b(d) + 39*h(d). What is n(7)?
12
Let r(t) = -3*t**3 - 3*t**2 + 3*t - 1. Let c(y) = 4*y**3 + 4*y**2 - 4*y + 2. Let l = -9 - -17. Let k be (-2*1)/(l/(-20)). Let n(u) = k*r(u) + 4*c(u). Give n(0).
3
Let r(n) = -n. Let x(z) = -z + 2. Let b(q) = -2*r(q) - x(q). Calculate b(3).
7
Let u(t) = -t**2 + 5*t - 2. Let w be u(4). Let y(f) = -f**3 + f**2 + 2*f - 3. What is y(w)?
-3
Let m(p) = -p**3 + 5*p**2 - 2*p + 6. Suppose -5*u = -7*u + 40. Suppose g - u = -3*g. Give m(g).
-4
Let s(l) = -3*l**3 - 2*l**2 + 3*l**3 + l**3 - 2. What is s(2)?
-2
Let l be 4 + -1 - (-2 + 2). Let h(b) = 6 - 2*b + l*b + 0*b. Give h(6).
12
Let d(v) be the third derivative of v**4/24 + v**3/6 + 4*v**2. Calculate d(-2).
-1
Let r(u) = 14*u**2 - 3*u + 17. Let w(c) = -5*c**2 + c - 6. Let q(f) = -6*r(f) - 17*w(f). Suppose 5*p - 3*x + 25 = 0, -2*x + 18 = -2*p + 4. What is q(p)?
2
Let p(a) be the first derivative of -5*a**4/4 - a**2 - a - 11. Suppose -1 = 4*n + 3. Determine p(n).
6
Let p(s) = s - 1. Let d(w) = 5*w + 1. Let t(a) = -11*a - 2. Let m(l) = 9*d(l) + 4*t(l). Let i(r) = -4*m(r) - p(r). Calculate i(-2).
7
Let m(q) be the first derivative of -3*q**2 + q - 8. Let k be 1*(0 + (-2 - -3)). Calculate m(k).
-5
Let w(a) be the second derivative of -a**3/6 + 3*a**2/2 - 3*a. Give w(-3).
6
Let o(z) = z**2 - 7*z + 10. Let b(h) = -h**3 - 7*h**2 + 8*h + 7. Let n be b(-8). Calculate o(n).
10
Let g(l) be the third derivative of l**5/120 - l**4/24 - 7*l**3/6 - 7*l**2. Let m(p) be the first derivative of g(p). What is m(0)?
-1
Let u(q) = -q + 2. Let v be (12/8 - 0)*-2. What is u(v)?
5
Let f(r) be the first derivative of -r**2/2 - 7*r + 8. What is f(-6)?
-1
Let p(r) be the first derivative of -r**4/4 - r**3/3 + r + 19. Determine p(1).
-1
Let y(a) = 6*a + 1 + 0 - 13*a. Let s(w) = -w - 1. Let z(t) = 3*t + 1. Let h(d) = -2*s(d) - z(d). Let i be h(2). Give y(i).
8
Let r be (-14)/(-63) - (-11)/(-9). Let f(c) = -9*c - 1 + 1. What is f(r)?
9
Let c(u) = -8*u + 3. Let f(r) = 44*r - 16. Let q(s) = 28*c(s) + 5*f(s). Suppose -26 = -2*g - 4*v, -6*g + 2 = -2*g - 2*v. What is q(g)?
-8
Let n(l) = l**2 - 7*l + 3. Let y be 7 + -1 + 1/(-1). What is n(y)?
-7
Let o(b) = -b - 14 + 7 + 5 + 2*b**2. Calculate o(2).
4
Let q(y) = y**3 - y**2 - 18. Let g = 24 - 24. What is q(g)?
-18
Let l(s) = 8*s**3 - 5*s**2 - 2 + 8*s**3 - 17*s**3 - 6*s. Let u(q) = -q**2 - 5*q - 4. Let x be u(-5). What is l(x)?
6
Let t be 1/3 - (-1)/(-3). Let y(r) = -r - r**2 - r - 1 + r + r**3. Determine y(t).
-1
Let b(x) = x**2 - 5*x - 3. Let w be (1 + (-28)/16)*-4. Let j = 2 + w. Give b(j).
-3
Suppose -14 = 5*r + g, -6*g = 2*r - 4*g + 4. Let x(q) = -q**2 - 2*q + 1. Determine x(r).
-2
Let x(b) = 3*b**3 - 5*b**2 - 6*b - 1. Let t(g) = -7*g**3 + 11*g**2 + 13*g + 1. Let h(n) = 2*t(n) + 5*x(n). Give h(4).
-3
Let i(t) = 3*t**3 - 6*t**2 + t + 1. Let y(k) = k**2 + 5*k + 6. Let a be y(-4). Let p(l) = -l**3 + 6*l**a + 1 - l**3 - 2. Let g(w) = 3*i(w) + 4*p(w). Give g(-5).
9
Let c(f) be the first derivative of -f**3/3 + 3*f**2/2 + 3*f - 2. Calculate c(-3).
-15
Let v(p) = -3*p + 4. Suppose j + 4*j - 25 = 0. Suppose 12 = -j*x + 2. Let b = x + 5. Determine v(b).
-5
Let v(q) be the third derivative